536 - 21247. Let a = u + o. Is a prime?
False
Let r = -49 - -51. Is (r/((-4)/3181))/((-8)/16) composite?
False
Let f(z) = -230*z**3 + 2*z**2 + 23*z + 50. Is f(-13) a prime number?
True
Let z = 23 + -20. Let s be -1 - ((z - -1) + -8). Suppose -g = -1, -2*g + 1008 = x - s*g. Is x a prime number?
True
Suppose 8*r + 14 = 6. Let b be (56 - (-2)/r) + 2. Is 152/b + 2/7 composite?
False
Let w(q) be the first derivative of 31*q**2/2 - 6*q + 36. Let u be w(4). Suppose -u = 11*b - 13*b. Is b a prime number?
True
Let t(p) = 42*p**3 + 11*p**2 - 146*p - 5. Is t(14) composite?
True
Suppose 24*d + 645 = 45. Let j(o) = -o**2 - 38*o + 86. Is j(d) prime?
False
Let t(m) = 177409*m**2 + 202*m + 202. Is t(-1) composite?
False
Let n(i) = 35 + 30 + 32 - 96 + 63*i + 12*i**2. Is n(-14) a composite number?
False
Let c = 57307 + 83662. Is c composite?
True
Is 16706*12*(-11)/(-264) a composite number?
False
Let w = 30511 - 12054. Suppose 0 = -5*x + 16388 + w. Let u = x + -4852. Is u a prime number?
False
Suppose -12*w + 32 = -16. Suppose 1 - 17 = w*t, -5*a - t + 13401 = 0. Is a prime?
False
Let t(u) = -5386*u - 46. Let c(x) = -16162*x - 139. Let k(b) = 3*c(b) - 8*t(b). Is k(-5) a prime number?
False
Let n(k) = -73500*k - 289. Is n(-2) a composite number?
True
Let q(x) = x**2 + 5*x - 3. Let m be q(-6). Suppose 2*k = 2*o + 14, -4*k + m + 4 = 3*o. Suppose c - 260 = 4*g + 289, -4*c = -k*g - 2172. Is c a composite number?
False
Suppose -155675 - 492532 = -71*k + 8*k. Is k a prime number?
True
Suppose -56*p = 2*p + 76*p - 10610254. Is p a composite number?
False
Let j(v) be the third derivative of 5/24*v**4 + 1/6*v**3 - 11*v**2 + 0 + 1/2*v**5 + 0*v. Is j(-2) prime?
False
Let f = 151977 - -22165. Is f prime?
False
Let n = -913276 + 1351085. Is n prime?
True
Let o be 1 + (-13 - -11438) - (0 + -1). Let i = 35744 - o. Is i composite?
False
Suppose -3*q + 4*o = 2*q + 179, 2*q - 2*o + 70 = 0. Let t = -35 - q. Suppose r - 1 = -5, -t*r + 325 = j. Is j a prime number?
False
Suppose -4*w + 6*w + j = -130, 3*w + 4*j = -200. Let l = w + 473. Is l a prime number?
True
Suppose 57591862 = -3*x + 39*x + 26*x. Is x composite?
True
Let f(i) = -2*i**2 + 194*i + 9. Is f(68) prime?
False
Suppose j - 3*n = 4, 3*n + 14 = -3*j - n. Let s be (-133)/((-2)/(-20)*j). Suppose -5*c + 7760 = -s. Is c composite?
True
Is 1*4131504/42 + (-3)/21 a composite number?
False
Let k = 2066295 - 1405904. Is k a prime number?
True
Let m(g) = -131*g**3 - 7*g**2 - 98*g - 273. Is m(-17) a prime number?
True
Is (-13 - 1807400/(-42)) + (-4)/(-6) a prime number?
False
Suppose 3*t = -30*t + 990. Suppose 15868 = t*w - 12602. Is w composite?
True
Let u be (510/(-153))/(1/(-15)*1). Let x be ((-12)/(-10))/(15/u). Suppose -18168 = -4*i + x*p, 8*p = -i + 3*p + 4572. Is i a composite number?
False
Let l = 6 + -1. Suppose a = c - 14, -l*c - a + 26 = -2*c. Let t(w) = 10*w**2 - 20*w - 3. Is t(c) a prime number?
True
Let h be (22/(-77) - 46/(-14)) + 18. Suppose 2*i - 3*d = h, -i + 11 = -d + 3. Suppose -2*y + i*l = -499, -4*y + 4*l = -337 - 663. Is y composite?
False
Let n(g) = 15003*g**2 + 10*g - 15. Is n(2) composite?
False
Let h(t) be the second derivative of t**4/12 + t**3 + 33*t**2/2 + 21*t. Suppose -w - 2*w - 42 = 0. Is h(w) prime?
False
Is (-16403)/698*(0 + 1 + -2 + -6597) a prime number?
False
Suppose 4*s + 36 = 10*s. Suppose 2 = s*l - 3*l - 4*h, -l = -h - 1. Is -17*-79*(3 - l) prime?
False
Suppose 97*x = 75*x + 7699934. Is x a prime number?
False
Let r be 5/(-13 - 7) + (-3002)/(-8). Suppose -l - r = -16*l. Is l a composite number?
True
Suppose -5*t - 10*t + 343695 = 0. Suppose 4*n = -4*k + 22956, -5*n + 5*k = -t - 5762. Is n a prime number?
True
Let o be (-20)/8*(-3 - -1). Suppose -4*z + o*z = 2. Is -3 - (z - (132 + 0)) composite?
False
Let w = -237 - -242. Let s(b) = 369*b + 26. Let c(r) = 369*r + 27. Let v(p) = -6*c(p) + 7*s(p). Is v(w) a composite number?
True
Let i = -56 + 85. Suppose 4*u + 81 - i = 0. Let x = u + 47. Is x a prime number?
False
Suppose 11*t = -154 - 0. Let h be (-28)/(-8)*(-8)/t. Is (((-4)/(-5))/(4/4910))/h a composite number?
False
Let p(o) = 2459*o**2 + 12*o + 6. Let m be p(6). Is ((-1 + -8)/(-3))/(18/m) a prime number?
True
Let g(r) = 5*r**2 - 2*r - 9. Let j be g(-2). Suppose 10*l = 5*l + j. Suppose -921 + 252 = -l*v. Is v composite?
False
Suppose 11*h = -12 + 364. Suppose -q - 59 = 3*j, -3*q + h = -4*j + 2*j. Let m(f) = -f**3 - 19*f**2 - 21*f - 2. Is m(j) prime?
True
Suppose -5*l = 3*o - 1604476, -5*l = o + 138902 - 673744. Is o a composite number?
True
Let x(s) = s**2 + 5*s - 3. Let k be x(-6). Let n(l) = -22*l - 23*l + 1 - k. Is n(-9) prime?
False
Let l = -16 + 21. Suppose 10 = 2*z + 2*v, 0 = 3*z + l*v + 1 - 22. Suppose -z*c + 84 = 5*x, 2*c - 3*x - x - 66 = 0. Is c prime?
True
Suppose 3*r = -3*c + 7182, c + 4779 = 2*r - 0*r. Is r composite?
True
Suppose 0 = 6*y - 20 + 2. Suppose y*d + 30 = 8*d. Let o(x) = x**3 - 6*x**2 + 4*x + 13. Is o(d) a prime number?
True
Let a(x) = -11*x + 13. Let q be a(1). Let n = -5 - q. Let w(g) = g**3 + 15*g**2 + g - 14. Is w(n) a prime number?
False
Let u(t) = 32*t + 57. Let m be u(-32). Let h = 1938 + m. Is h a composite number?
False
Let h be -170*(-1 - 6/(-10)). Is ((-97)/2)/((-2)/h) composite?
True
Let d = -33238 - -57867. Is d composite?
True
Let x be (3 - (-238)/(-6))/((-4)/30). Suppose 4*v - 23 = 5. Suppose 2*m = v*m - x. Is m a composite number?
True
Let k(s) = -175*s - 1882. Is k(-75) a composite number?
False
Suppose 0*c = 4*x + 2*c - 30, -17 = -2*x + c. Suppose 13*d = x*d + 405. Is (d + -1787)*(2/(-4) - 0) a composite number?
False
Let f = 2064 + -699. Let n = -6429 - -16531. Let g = f + n. Is g a prime number?
True
Let i = -3158 + 5170. Suppose 0 = -2009*p + i*p - 7509. Is p composite?
False
Is (-8)/(40/(-7275)) + 5 + -6 prime?
False
Let n = 358 + -342. Suppose -n*a = -24*a + 36488. Is a a prime number?
True
Let b(l) = -1800*l**3 - 8*l**2 - 76*l + 9. Is b(-10) prime?
True
Let c(x) = -5091*x - 100. Let z be c(7). Let h = z + 78378. Is h a composite number?
False
Let j(y) = -y**3 + 83*y**2 - 189*y + 97. Is j(77) composite?
True
Let u(a) = -1421*a - 89. Let c = -558 + 550. Is u(c) prime?
True
Let t be 1/((-5)/35) + (-2)/2. Let j be 4*(t + 1)*9/(-21). Suppose -1443 = -j*v + 5241. Is v a prime number?
True
Let q(g) = g - 3. Suppose -2*w + 4*j - 2*j = -6, 0 = -4*w - j + 32. Let z be q(w). Suppose 4*c = z*o + 8592, -5*c + 3*c + 4301 = -o. Is c composite?
False
Let q be 8/((-40)/(-15)) + 2. Suppose 12*g - q*g = 5817. Is ((-4)/3 + -1)*g/(-1) a prime number?
False
Suppose -43158055 = -133*q + 4682178. Is q composite?
False
Let w = -87 + 99. Suppose -3*v + 6034 = 2*u, -8*v + w = -5*v. Is u a composite number?
False
Let t = 242 - 97. Suppose -u - 3 = 0, -4*m + 5*u + 500 = t. Suppose -88*w + m*w = -3363. Is w a composite number?
True
Let x = -383 + 399. Is (-207145)/(-20) - 4/x composite?
False
Let d(y) = 138*y**2 - 494*y + 13. Is d(51) a composite number?
False
Let u be (1 + 10/(-6))*(-2571588)/(-216). Let s = 21828 + u. Is s a prime number?
False
Let c(b) = -4*b - 40. Let o be c(-11). Suppose 9*a - 5*a - 8978 = -3*w, o*a - 3*w = 8966. Is a a prime number?
True
Suppose 14*m + 3*z + 1503314 = 19*m, -1202653 = -4*m + 3*z. Is m a composite number?
False
Suppose -4 = 2*r - 10. Suppose -r = -l + 4*z, z = -0*l - 3*l + 9. Suppose 4*g - 173 = l*w - 8*w, w = -g + 42. Is g a composite number?
False
Let y be (-82)/(-10) - (6 + 290/(-50)). Let b(r) = 211*r - 15. Is b(y) prime?
False
Let y = -19197 - -35576. Is y a composite number?
True
Let x(w) = 54*w**2 - 22*w + 133. Let k be (1*3/4)/(79/1896). Is x(k) a prime number?
False
Let m = 60898 - -82279. Is m a prime number?
True
Suppose -54*y + 97013 = -419065. Is y a prime number?
False
Suppose 1067 = 62*i + 35*i. Suppose 22254 = 5*k - 63811. Suppose -i*y + k = -13664. Is y a prime number?
False
Let h be (-3)/12*(11 + -39). Is 11849/h - 16/(-56) a composite number?
False
Suppose j + 2*q = 5*q + 4, -4*j + q - 17 = 0. Let i be -4 + (j - (-3513 - 0)). Suppose 4*b - 3428 = i. Is b prime?
True
Let d(x) be the third derivative of -41*x**6/40 - x**5/60 + x**4/24 + x**3/3 - 2*x**2 - 6*x. Is d(-1) a prime number?
False
Let x be ((-59255)/10)/((-2)/8). Suppose 2*s = 4*n + x, 5*s - 59273 = 6*n - 2*n. Is s composite?
True
Let m(c) = -c**3 - 11*c**